1863?
81
What is the highest common divisor of 5 and 1255?
5
Calculate the greatest common factor of 112 and 392.
56
Calculate the greatest common factor of 697 and 1025.
41
What is the highest common divisor of 285 and 1520?
95
What is the highest common divisor of 114 and 18?
6
What is the greatest common divisor of 119 and 21?
7
Calculate the highest common factor of 5 and 10.
5
What is the highest common divisor of 288 and 9?
9
What is the greatest common factor of 30 and 5286?
6
Calculate the highest common factor of 637 and 52.
13
What is the highest common factor of 3484 and 156?
52
What is the highest common factor of 750 and 30?
30
What is the greatest common factor of 11968 and 170?
34
What is the highest common factor of 112 and 42?
14
What is the highest common factor of 192 and 416?
32
What is the highest common divisor of 100 and 1050?
50
Calculate the greatest common factor of 90 and 570.
30
Calculate the greatest common divisor of 406 and 196.
14
What is the highest common factor of 326 and 163?
163
What is the greatest common divisor of 154 and 868?
14
What is the highest common factor of 759 and 2760?
69
What is the greatest common factor of 473 and 301?
43
What is the highest common divisor of 121 and 11?
11
What is the greatest common factor of 2252 and 4?
4
What is the highest common divisor of 74 and 2590?
74
What is the highest common factor of 1717 and 238?
17
What is the greatest common factor of 192 and 1424?
16
What is the greatest common divisor of 689 and 260?
13
What is the greatest common factor of 810 and 45?
45
What is the greatest common factor of 267 and 9?
3
Calculate the highest common factor of 1001 and 99.
11
Calculate the highest common divisor of 42 and 4431.
21
Calculate the highest common factor of 720 and 450.
90
What is the greatest common divisor of 152 and 874?
38
What is the highest common factor of 24 and 138?
6
What is the greatest common factor of 55 and 1375?
55
Calculate the highest common factor of 144 and 16.
16
Calculate the greatest common divisor of 300 and 36.
12
What is the greatest common factor of 13 and 481?
13
Calculate the greatest common divisor of 117 and 18.
9
Calculate the highest common divisor of 12 and 36492.
12
What is the highest common divisor of 3653 and 117?
13
What is the greatest common factor of 6004 and 152?
76
What is the greatest common divisor of 465 and 5394?
93
What is the greatest common factor of 24310 and 561?
187
What is the greatest common factor of 69 and 621?
69
Calculate the greatest common divisor of 23978 and 38.
38
Calculate the greatest common divisor of 114 and 15.
3
What is the greatest common divisor of 2466 and 90?
18
What is the highest common factor of 12 and 1464?
12
Calculate the greatest common divisor of 189 and 7.
7
What is the greatest common factor of 336 and 8112?
48
Calculate the highest common divisor of 384 and 1116.
12
Calculate the highest common factor of 442 and 51.
17
What is the greatest common factor of 4 and 772?
4
Calculate the greatest common factor of 59 and 4012.
59
What is the greatest common divisor of 138 and 1863?
69
Calculate the greatest common divisor of 75 and 700.
25
Calculate the greatest common divisor of 66 and 231.
33
What is the highest common factor of 1793 and 33?
11
Calculate the highest common divisor of 492 and 41.
41
What is the highest common factor of 713 and 31?
31
Calculate the greatest common factor of 561 and 714.
51
Calculate the greatest common divisor of 1376 and 256.
32
Calculate the greatest common factor of 31 and 4.
1
What is the highest common factor of 494 and 338?
26
What is the greatest common factor of 290 and 1170?
10
Calculate the greatest common divisor of 890 and 8544.
178
Calculate the highest common factor of 28 and 308.
28
Calculate the greatest common factor of 94 and 2021.
47
Calculate the greatest common factor of 36 and 225.
9
What is the greatest common divisor of 90 and 4842?
18
What is the highest common factor of 84 and 348?
12
What is the highest common divisor of 385 and 1617?
77
What is the greatest common divisor of 10 and 166?
2
What is the greatest common divisor of 14 and 24094?
14
What is the highest common divisor of 18 and 774?
18
What is the highest common divisor of 42 and 60?
6
Calculate the greatest common factor of 2700 and 648.
108
What is the highest common divisor of 767 and 1003?
59
Calculate the greatest common divisor of 7 and 511.
7
Calculate the greatest common factor of 14 and 196.
14
What is the greatest common factor of 14 and 378?
14
What is the greatest common divisor of 17 and 4760?
17
What is the highest common divisor of 407 and 296?
37
Calculate the greatest common factor of 3724 and 1216.
76
What is the greatest common divisor of 42 and 162?
6
Calculate the highest common divisor of 18512 and 89.
89
What is the highest common divisor of 289 and 493?
17
Calculate the greatest common factor of 2488 and 96.
8
Calculate the highest common divisor of 10 and 530.
10
Calculate the highest common factor of 7 and 1036.
7
What is the greatest common divisor of 10 and 670?
10
What is the highest common factor of 11 and 3?
1
What is the greatest common divisor of 2 and 227?
1
Calculate the greatest common factor of 115 and 207.
23
What is the greatest common divisor of 162 and 90?
18
What is the greatest common factor of 4065 and 15?
15
Calculate the highest common factor of 368 and 64.
16
Calculate the highest common divisor of 7442 and 488.
122
Calculate the highest common factor of 40 and 116.
4
What is the highest common divisor of 20 and 148?
4
What is the greatest common divisor of 33 and 561?
33
What is the highest common factor of 2418 and 31?
31
What is the highest common factor of 208 and 5642?
26
Calculate the highest common factor of 1782 and 132.
66
Calculate the greatest common factor of 27 and 53676.
27
What is the highest common divisor of 320 and 192?
64
Calculate the greatest common factor of 1806 and 129.
129
What is the highest common divisor of 684 and 570?
114
What is the highest common factor of 19 and 171?
19
What is the greatest common factor of 15 and 59835?
15
Calculate the highest common factor of 790 and 1422.
158
Calculate the highest common factor of 42 and 56.
14
What is the greatest common factor of 190 and 6?
2
What is the greatest common divisor of 784 and 112?
112
Calculate the greatest common factor of 209 and 11.
11
What is the highest common divisor of 1010 and 5858?
202
Calculate the greatest common factor of 1035 and 46.
23
Calculate the greatest common divisor of 15659 and 7.
7
What is the greatest common factor of 108 and 1080?
108
What is the greatest common divisor of 105 and 540?
15
What is the highest common divisor of 235 and 5?
5
Calculate the greatest common factor of 175 and 805.
35
Calculate the greatest common factor of 483 and 1554.
21
What is the greatest common factor of 779 and 133?
19
What is the highest common factor of 3478 and 851?
37
Calculate the highest common divisor of 102 and 12.
6
Calculate the highest common divisor of 212 and 583.
53
What is the highest common factor of 49 and 84?
7
Calculate the highest common factor of 16677 and 153.
153
What is the highest common divisor of 286 and 33?
11
Calculate the highest common divisor of 272 and 918.
34
Calculate the highest common factor of 1044 and 108.
36
What is the greatest common factor of 74 and 666?
74
What is the highest common divisor of 62 and 2?
2
Calculate the greatest common factor of 30864 and 48.
48
Calculate the highest common factor of 5202 and 18.
18
Calculate the highest common divisor of 522 and 72.
18
What is the highest common divisor of 376 and 799?
47
Calculate the highest common factor of 16 and 24.
8
Calculate the greatest common factor of 30 and 4890.
30
Calculate the highest common factor of 243 and 1.
1
What is the greatest common divisor of 4 and 4?
4
What is the greatest common divisor of 179 and 88963?
179
Calculate the greatest common divisor of 559 and 65.
13
What is the highest common factor of 55 and 3520?
55
What is the highest common factor of 15 and 35?
5
Calculate the highest common factor of 2224 and 272.
16
What is the greatest common divisor of 12025 and 39?
13
Calculate the greatest co